the units digit of w?
5
Suppose 3*c + c + 3*x - 39 = 0, -4*c + 2*x = -54. Let f be (-4 + (-20)/(-5))/2. Suppose f = -3*t - t + c. What is the units digit of t?
3
Suppose 2*b + 3 = s, s + 2 + 1 = -b. What is the tens digit of -1 + 12 - (-1 - s)?
1
Let k be (-3)/(-3) - 0 - -2. Suppose -k*n = -0*n + 6. Let d = -1 - n. What is the units digit of d?
1
Let g = 17 - -17. What is the tens digit of g?
3
Suppose 4*t + 3*m - 171 = -2*m, -4*t - 2*m = -162. What is the tens digit of t?
3
Let q be (-6)/3 - -3 - 5. Let y = 7 - q. What is the units digit of y?
1
Let o = 150 - 62. What is the units digit of o?
8
Let s = 2 - 0. Let a be (-15 - -1)/(0 - s). Suppose h + 7 = -2*r, 2*h + 5*r = a*h - 25. What is the units digit of h?
1
Let c = -42 - -79. Suppose 5 = 4*z + 2*i - c, -4*i + 7 = z. Suppose -z = -3*g - v, 3*g = -6*v + v + 7. What is the units digit of g?
4
Let p(s) = 20*s**2 - 9*s - 9. Let d be p(-5). What is the units digit of (-1)/(-5) + d/20?
7
Let u(d) = -d**2 + 9*d - 1. Suppose r = -2*r + 72. Suppose -4*g = 0, -i - 2*i = g - r. What is the units digit of u(i)?
7
Let z = -12 - -19. Let v(q) = 1 - 1 + 1 + q. What is the units digit of v(z)?
8
Let w = -39 - -171. What is the units digit of w?
2
Let n be (16/(-14))/(2/(-7)). What is the tens digit of -4 + (n - -45) - 4?
4
Let l = 361 - 181. What is the tens digit of l?
8
Let q(h) = -h**3 + 4*h**2 - 2*h - 2. Let l be q(-3). Let a = -48 + l. What is the tens digit of a?
1
Let z(l) = -3*l + 0*l**2 + 0*l**2 + l**2 - 4. What is the units digit of z(-4)?
4
What is the tens digit of (-13)/(-26) - (-61)/2?
3
Suppose 2*w - 247 + 77 = 0. What is the units digit of w?
5
Suppose -2*i = -g - 2*g - 26, -3*g = 5*i - 86. What is the tens digit of i?
1
Suppose 0*n + 4*n - 139 = 5*h, 3*n = -4*h + 112. What is the units digit of n?
6
Let d = -106 + 148. What is the tens digit of d?
4
Let d(z) = -3*z + 2*z**2 + 0*z**3 + 2 + 2*z**3 + 7*z - 3*z**3. Let q be d(-2). Let c = q - 6. What is the units digit of c?
4
Let r = 51 - 42. What is the units digit of r?
9
Suppose 2*h = 3*h - 3. Let k(w) = -h + 2 + w**2 + 3*w**2. What is the units digit of k(-1)?
3
Let r(x) = 2*x**2 - x + 2. Suppose -4*g = -d + 22, -2*d - g = 4*g + 21. Let f be r(d). Let p = 14 - f. What is the units digit of p?
6
Let c = 60 - 8. What is the units digit of c?
2
Let u(g) = -g**3 + 3*g**2 - g + 1. Let p be u(2). Let j = p + -1. Suppose -2*y = -b - 3, j*y = -2*b + 4*b - 4. What is the units digit of b?
7
Let y(l) = l - 4. Let d be y(5). Let b be -1 + (-10)/((-1)/d). Let i = b + 1. What is the units digit of i?
0
What is the hundreds digit of (210/9)/(-5)*(-162)/7?
1
What is the tens digit of 44 - 0*5/10?
4
Suppose -5*r = 2*a - 589, 5*r + 0*r - a - 598 = 0. What is the tens digit of r?
1
Suppose 7*p + 4 = 9*p. What is the units digit of p?
2
What is the units digit of (-3)/3 + (2 - 0)?
1
Let f(d) = 9*d**2 + d + 3. What is the hundreds digit of f(-6)?
3
Suppose -5*a + 161 + 54 = 0. Let w = a + -12. What is the units digit of w?
1
Suppose 0 = 5*w - 2*b - 51, 0*w - 4*w + 3*b + 45 = 0. What is the units digit of ((-9)/6)/(w/(-114))?
9
What is the hundreds digit of (4 + 76/(-20))*515?
1
Suppose h = 4, -m + 3*h + 264 = 7*h. What is the units digit of m?
8
What is the hundreds digit of 5 - (219 - 2)*-1?
2
Let a = -45 - -79. What is the units digit of a?
4
Let t(x) = -x**2 + 5*x + 1. Let j = 0 - -4. What is the units digit of t(j)?
5
Let r(w) = -w**2 - 4*w + 1. Let b be r(4). Let m = b + 22. Let c = 22 + m. What is the units digit of c?
3
Let i(u) = 7 - 4 + 17*u - 4. What is the tens digit of i(1)?
1
What is the tens digit of (52/10)/(2/10)?
2
Let n be (2/(-6))/(7/(-42)). Let o(c) = c**n + 0*c + 0*c. What is the units digit of o(2)?
4
Suppose -4*z - z = -45. What is the units digit of z?
9
Let o(h) = 3*h**2 + 2*h + 1. Suppose -5 = 2*u - 1. What is the units digit of o(u)?
9
Let b(q) = -q + 2. Suppose -5*x + 34 = 2*d - 1, -30 = -5*d - x. Suppose w - d*w = 16. What is the units digit of b(w)?
6
Let m(b) = -b**3 + 21*b**2 + 5*b - 27. What is the tens digit of m(21)?
7
Let x(j) = 3*j - 5. Let d be x(7). Suppose -4*b = d, -3*u + 5*b + 85 = 32. What is the units digit of u?
1
Let w(q) = -4 + q - 1 + 8 + 5. Suppose 0*x = -4*x. What is the units digit of w(x)?
8
Let i = -135 + 205. What is the units digit of i?
0
Suppose q - 22 = 5*m + 3*q, -3*q = -12. What is the units digit of (4/m)/((-22)/495)?
5
Suppose 0 = 3*z - z + 2*s - 130, -5*z = 4*s - 328. What is the units digit of z?
8
Suppose 2*s + 1 = -3*g, 0 = s + 2*s - g - 15. Suppose -s = 3*c - 19. What is the units digit of c?
5
Let o(m) = -3*m**3 + 3*m**2 - 3*m + 2. Let w(a) = a**3 - a. Let x(j) = -o(j) - w(j). What is the units digit of x(3)?
7
Suppose -2*f = 2*f + 168. Let b = f + 74. What is the tens digit of b?
3
Suppose -3*c - 8 - 13 = 0. Let f = c + 9. Let v = f - -7. What is the units digit of v?
9
What is the units digit of (-1 - 2) + 6 + 0?
3
Suppose 15 = -4*h + 3*r, -2*r - 8 = h + 4. What is the tens digit of -3*h/(-27)*-24?
1
Let n be 115/13 - (-6)/39. Suppose 0*a = a - n. What is the units digit of a?
9
Let s(d) = -12*d**2 + 1. Let h be s(-2). Let j = h + 81. What is the units digit of (-4)/6 - j/(-6)?
5
Let p(j) = j**3 + 9*j**2 - 12*j - 14. Let w be p(-10). What is the units digit of (-2)/w*(-1 + -2)?
1
Suppose z + 4*z = 10. Suppose -5*f + 9 = -3*d - 0*d, f - 2*d + 1 = 0. Suppose -s - z = -f*s. What is the units digit of s?
1
What is the hundreds digit of (4*-1)/((-12)/846)?
2
Let x(c) = -11*c**2 - 18*c - 9. Let d(l) = -7*l**2 - 12*l - 6. Let u(r) = 8*d(r) - 5*x(r). Let w be u(-6). What is the units digit of (-2)/w - 93/(-9)?
1
Suppose o + 70 = 186. What is the tens digit of o?
1
Suppose -14 - 2 = -2*y. Let m = -6 + y. What is the units digit of m?
2
Let c = 22 + -24. Suppose -4*x + 2*s = 12, 5*x + 5 + 5 = 5*s. Let f = c - x. What is the units digit of f?
2
Let n(y) = y + 1. Let r be n(4). Let a be 1 + r - (1 + 0). Suppose -a*m + 19 = -2*t - 0*m, -3*m = -t - 12. What is the units digit of t?
3
What is the units digit of (168 - (0 + 4 + -2)) + 3?
9
Let g be 3*(-47)/(2/(-2)). Suppose 5*v - 2*z = 127, -g = -4*v + z - 37. What is the units digit of v?
7
Let p = -13 + 34. What is the tens digit of p?
2
Let h be 11 + (-1)/((-2)/4). Suppose -r = r + u - h, u = -3*r + 17. What is the units digit of r?
4
Suppose 3*p + 2 = 41. Let t be (-4)/26 - (-67)/p. Suppose l - 5*l - 3*u = -35, 2*u = t*l - 38. What is the units digit of l?
8
Let b(y) = y**2 - 3*y - 3. What is the units digit of b(6)?
5
What is the tens digit of (-20)/60 - 64/(-3)?
2
Let w(k) = k + 3. Let j be w(0). Let n(z) = -z**2 + 4*z - 3. Let b be n(j). Let u = b + 8. What is the units digit of u?
8
Let f(k) = 9*k**3 + 1. Let q be f(1). What is the units digit of 204/q + (-22)/55?
0
Let b(t) = -3 + 1 + 5*t + 3*t**2 - 2*t**2. What is the units digit of b(-9)?
4
Let v(b) = b**3 - 3*b**2 - 3*b + 1. Let p be ((-6)/(-4))/(3/6). Suppose 3*w - 32 = 5*d, -3*w + 0*d = -p*d - 24. What is the units digit of v(w)?
5
Let x = 11 + -4. Suppose 3*w - x*w = -68. What is the units digit of w?
7
Suppose -5*h + 5 = 0, 0 = u - 3*h - h - 2. Let y be u/(-9) + (-6)/(-9). Suppose y = q - 3*q + 24. What is the units digit of q?
2
Suppose -5*f + 4*y - 20 = 0, 20 = 3*f + 2*f + 4*y. Suppose f = -v - 0*v + 40. Suppose a + 3*a = v. What is the units digit of a?
0
Let m(h) = -h + 52. What is the tens digit of m(0)?
5
Suppose 0 = 4*b - 12 - 56. Suppose -2*f - 2*o + 40 = 0, -2*f + o + 8 = -b. What is the tens digit of f?
1
Suppose -5*y = -30 - 15. Let x be (y/1)/((-1)/(-3)). Suppose 4*v - x = v. What is the units digit of v?
9
Let w(x) = -2*x**3 - x**2 + 4*x. What is the tens digit of w(-3)?
3
Suppose w + 3*a - 17 + 6 = 0, 4*a + 2 = 2*w. Suppose -2*t - w = -15. Let c(s) = s**3 - 4*s**2 - 2*s - 4. What is the tens digit of c(t)?
1
Suppose -o - 6 = -4*o. Let b be o/(-5) + (-54)/15. Let l = 7 + b. What is the units digit of l?
3
Suppose 10 = 2*n - 4. Let t = n + 2. What is the units digit of t?
9
Let y = 381 - 233. What is the hundreds digit of y?
1
Suppose -9*l = 3*l - 2460. What is the tens digit of l?
0
Let x(z) = 3*z**2 + 3*z - 2. Suppose -2*n + 15 = -3*f, 2*f + 7*n - 6 = 3*n. What is the units digit of x(f)?
6
Let o = -35 + 71. What is the units digit of o?
6
Suppose -41*w = -35*w - 2616.